{"version":"1.0","provider_name":"Blog pop","provider_url":"https:\/\/blog.regardsprotestants.com\/blogpop","author_name":"St\u00e9phane Lavignotte","author_url":"https:\/\/blog.regardsprotestants.com\/blogpop\/author\/stephane-l\/","title":"F\u00eates de lumi\u00e8re - Blog pop","type":"rich","width":600,"height":338,"html":"<blockquote class=\"wp-embedded-content\" data-secret=\"S5pJBwSznJ\"><a href=\"https:\/\/blog.regardsprotestants.com\/blogpop\/fetes-de-lumiere\/\">F\u00eates de lumi\u00e8re<\/a><\/blockquote><iframe sandbox=\"allow-scripts\" security=\"restricted\" src=\"https:\/\/blog.regardsprotestants.com\/blogpop\/fetes-de-lumiere\/embed\/#?secret=S5pJBwSznJ\" width=\"600\" height=\"338\" title=\"\u00ab\u00a0F\u00eates de lumi\u00e8re\u00a0\u00bb &#8212; Blog pop\" data-secret=\"S5pJBwSznJ\" frameborder=\"0\" marginwidth=\"0\" marginheight=\"0\" scrolling=\"no\" class=\"wp-embedded-content\"><\/iframe><script type=\"text\/javascript\">\n\/*! This file is auto-generated *\/\n!function(c,d){\"use strict\";var e=!1,o=!1;if(d.querySelector)if(c.addEventListener)e=!0;if(c.wp=c.wp||{},c.wp.receiveEmbedMessage);else if(c.wp.receiveEmbedMessage=function(e){var t=e.data;if(!t);else if(!(t.secret||t.message||t.value));else if(\/[^a-zA-Z0-9]\/.test(t.secret));else{for(var r,s,a,i=d.querySelectorAll('iframe[data-secret=\"'+t.secret+'\"]'),n=d.querySelectorAll('blockquote[data-secret=\"'+t.secret+'\"]'),o=new RegExp(\"^https?:$\",\"i\"),l=0;l<n.length;l++)n[l].style.display=\"none\";for(l=0;l<i.length;l++)if(r=i[l],e.source!==r.contentWindow);else{if(r.removeAttribute(\"style\"),\"height\"===t.message){if(1e3<(s=parseInt(t.value,10)))s=1e3;else if(~~s<200)s=200;r.height=s}if(\"link\"===t.message)if(s=d.createElement(\"a\"),a=d.createElement(\"a\"),s.href=r.getAttribute(\"src\"),a.href=t.value,!o.test(a.protocol));else if(a.host===s.host)if(d.activeElement===r)c.top.location.href=t.value}}},e)c.addEventListener(\"message\",c.wp.receiveEmbedMessage,!1),d.addEventListener(\"DOMContentLoaded\",t,!1),c.addEventListener(\"load\",t,!1);function t(){if(o);else{o=!0;for(var e,t,r,s=-1!==navigator.appVersion.indexOf(\"MSIE 10\"),a=!!navigator.userAgent.match(\/Trident.*rv:11\\.\/),i=d.querySelectorAll(\"iframe.wp-embedded-content\"),n=0;n<i.length;n++){if(!(r=(t=i[n]).getAttribute(\"data-secret\")))r=Math.random().toString(36).substr(2,10),t.src+=\"#?secret=\"+r,t.setAttribute(\"data-secret\",r);if(s||a)(e=t.cloneNode(!0)).removeAttribute(\"security\"),t.parentNode.replaceChild(e,t);t.contentWindow.postMessage({message:\"ready\",secret:r},\"*\")}}}}(window,document);\n<\/script>\n","thumbnail_url":"https:\/\/blog.regardsprotestants.com\/blogpop\/wp-content\/uploads\/2025\/12\/Blog-Miss-Pop-fete-religieuse.jpg","thumbnail_width":1912,"thumbnail_height":1275,"description":"Quand les jours raccourcissent et que l\u2019obscurit\u00e9 s\u2019installe, les \u00eatres humains n\u2019ont jamais cess\u00e9 d\u2019allumer des lumi\u00e8res pour conjurer la peur et nourrir l\u2019esp\u00e9rance. De Lyon \u00e0 Stockholm, de J\u00e9rusalem \u00e0 nos villes et villages, cet article propose un voyage \u00e0 travers des f\u00eates religieuses et culturelles o\u00f9 la flamme devient signe de r\u00e9sistance, de m\u00e9moire et de lien entre les peuples."}

Stéphane Lavignotte

Fêtes de lumière - Blog pop

<blockquote class="wp-embedded-content" data-secret="S5pJBwSznJ"><a href="https://blog.regardsprotestants.com/blogpop/fetes-de-lumiere/">Fêtes de lumière</a></blockquote><iframe sandbox="allow-scripts" security="restricted" src="https://blog.regardsprotestants.com/blogpop/fetes-de-lumiere/embed/#?secret=S5pJBwSznJ" width="600" height="338" title="« Fêtes de lumière » &#8212; Blog pop" data-secret="S5pJBwSznJ" frameborder="0" marginwidth="0" marginheight="0" scrolling="no" class="wp-embedded-content"></iframe><script type="text/javascript">
/*! This file is auto-generated */
!function(c,d){"use strict";var e=!1,o=!1;if(d.querySelector)if(c.addEventListener)e=!0;if(c.wp=c.wp||{},c.wp.receiveEmbedMessage);else if(c.wp.receiveEmbedMessage=function(e){var t=e.data;if(!t);else if(!(t.secret||t.message||t.value));else if(/[^a-zA-Z0-9]/.test(t.secret));else{for(var r,s,a,i=d.querySelectorAll('iframe[data-secret="'+t.secret+'"]'),n=d.querySelectorAll('blockquote[data-secret="'+t.secret+'"]'),o=new RegExp("^https?:$","i"),l=0;l<n.length;l++)n[l].style.display="none";for(l=0;l<i.length;l++)if(r=i[l],e.source!==r.contentWindow);else{if(r.removeAttribute("style"),"height"===t.message){if(1e3<(s=parseInt(t.value,10)))s=1e3;else if(~~s<200)s=200;r.height=s}if("link"===t.message)if(s=d.createElement("a"),a=d.createElement("a"),s.href=r.getAttribute("src"),a.href=t.value,!o.test(a.protocol));else if(a.host===s.host)if(d.activeElement===r)c.top.location.href=t.value}}},e)c.addEventListener("message",c.wp.receiveEmbedMessage,!1),d.addEventListener("DOMContentLoaded",t,!1),c.addEventListener("load",t,!1);function t(){if(o);else{o=!0;for(var e,t,r,s=-1!==navigator.appVersion.indexOf("MSIE 10"),a=!!navigator.userAgent.match(/Trident.*rv:11\./),i=d.querySelectorAll("iframe.wp-embedded-content"),n=0;n<i.length;n++){if(!(r=(t=i[n]).getAttribute("data-secret")))r=Math.random().toString(36).substr(2,10),t.src+="#?secret="+r,t.setAttribute("data-secret",r);if(s||a)(e=t.cloneNode(!0)).removeAttribute("security"),t.parentNode.replaceChild(e,t);t.contentWindow.postMessage({message:"ready",secret:r},"*")}}}}(window,document);
</script>

Quand les jours raccourcissent et que l’obscurité s’installe, les êtres humains n’ont jamais cessé d’allumer des lumières pour conjurer la peur et nourrir l’espérance. De Lyon à Stockholm, de Jérusalem à nos villes et villages, cet article propose un voyage à travers des fêtes religieuses et culturelles où la flamme devient signe de résistance, de mémoire et de lien entre les peuples.
